{"id":83,"date":"2021-03-11T22:06:19","date_gmt":"2021-03-11T21:06:19","guid":{"rendered":"http:\/\/freischarenmanoever.ch\/wordpress\/?page_id=83"},"modified":"2024-07-01T19:48:10","modified_gmt":"2024-07-01T17:48:10","slug":"freischarenfilm","status":"publish","type":"page","link":"https:\/\/freischarenmanoever.ch\/wordpress\/?page_id=83","title":{"rendered":"Freischarenfilm"},"content":{"rendered":"\n<h2 class=\"wp-block-heading\">Honolulu! &#8211; Der Film \u00fcber das Lenzburger Freischarenman\u00f6ver<\/h2>\n\n\n\n<p>Alle zwei Jahre begeistert in der traditionsreichen Stadt Lenzburg ein grandioses Spektakel ein riesiges Publikum: Das Freischarenman\u00f6ver. Seit mehr als 170 Jahren ziehen farben-pr\u00e4chtig kost\u00fcmierte und gef\u00fcrchig geschminkte Freischaren-Horden, die Alten, ins Man\u00f6vergefecht &#8211; um jedes Mal von Neuem eine schm\u00e4hliche Niederlage zu erleiden, gegen die Kadetten, gegen die Jugend. Heute ist das Lenzburger Freischarenman\u00f6ver ein einzigartiges Generationenprojekt, gesellschaftlich und politisch breit abgest\u00fctzt. Am grandiosen Land-schaftstheater machen jeweils rund 1000 Personen mit und malen zwischen Goffersberg, Schloss und Sch\u00fctzenmatte sch\u00f6ne Bilder. Die Lenzburger Regisseurin Andrea Hauner-Wagner wirft mit ihrem Dokumentarfilm &#8222;Honolulu!&#8220; einen Blick hinter die Kulissen der einzig-artigen Freischaren- und Kadettentradition. Ein faszinierendes Werk voller Geschichte und Geschichten \u2013 und Emotionen. Gegen einen Beitrag zugunsten der Freischarenkasse kann der Film f\u00fcr drei Tage ausgeliehen (aber nicht herunterkopiert) werden.<\/p>\n\n\n\n<p><strong>Die Freischaren-Commission bedankt sich bei&nbsp;allen Sponsoren, Institutionen und Freundinnen und Freunden des Lenzburger Freischarenman\u00f6vers, die den Freischarenfilm m\u00f6glich gemacht haben:<\/strong><\/p>\n\n\n\n<p>Hypothekarbank Lenzburg<br>Ortsb\u00fcrgerkommission der Stadt Lenzburg<br>Film-Crew (f\u00fcr ihre Sonderkonditionen)<br>Rolf Kasper<\/p>\n\n\n\n<h2 class=\"wp-block-heading\"><\/h2>\n\n\n\n<figure class=\"wp-block-embed is-type-video is-provider-youtube wp-block-embed-youtube wp-embed-aspect-16-9 wp-has-aspect-ratio\"><div class=\"wp-block-embed__wrapper\">\n<iframe loading=\"lazy\" title=\"Freischaren Man\u00f6ver 2018\" width=\"1599\" height=\"899\" src=\"https:\/\/www.youtube.com\/embed\/Zd-S7pFXijg?feature=oembed\" frameborder=\"0\" allow=\"accelerometer; autoplay; clipboard-write; encrypted-media; gyroscope; picture-in-picture\" allowfullscreen><\/iframe>\n<\/div><\/figure>\n","protected":false},"excerpt":{"rendered":"<p>Honolulu! &#8211; Der Film \u00fcber das Lenzburger Freischarenman\u00f6ver Alle zwei Jahre begeistert in der traditionsreichen Stadt Lenzburg ein grandioses Spektakel ein riesiges Publikum: Das Freischarenman\u00f6ver. &hellip;<\/p>\n","protected":false},"author":1,"featured_media":161,"parent":69,"menu_order":0,"comment_status":"closed","ping_status":"closed","template":"","meta":{"_monsterinsights_skip_tracking":false,"_monsterinsights_sitenote_active":false,"_monsterinsights_sitenote_note":"","_monsterinsights_sitenote_category":0,"footnotes":""},"class_list":["post-83","page","type-page","status-publish","has-post-thumbnail","hentry"],"_links":{"self":[{"href":"https:\/\/freischarenmanoever.ch\/wordpress\/index.php?rest_route=\/wp\/v2\/pages\/83","targetHints":{"allow":["GET"]}}],"collection":[{"href":"https:\/\/freischarenmanoever.ch\/wordpress\/index.php?rest_route=\/wp\/v2\/pages"}],"about":[{"href":"https:\/\/freischarenmanoever.ch\/wordpress\/index.php?rest_route=\/wp\/v2\/types\/page"}],"author":[{"embeddable":true,"href":"https:\/\/freischarenmanoever.ch\/wordpress\/index.php?rest_route=\/wp\/v2\/users\/1"}],"replies":[{"embeddable":true,"href":"https:\/\/freischarenmanoever.ch\/wordpress\/index.php?rest_route=%2Fwp%2Fv2%2Fcomments&post=83"}],"version-history":[{"count":3,"href":"https:\/\/freischarenmanoever.ch\/wordpress\/index.php?rest_route=\/wp\/v2\/pages\/83\/revisions"}],"predecessor-version":[{"id":850,"href":"https:\/\/freischarenmanoever.ch\/wordpress\/index.php?rest_route=\/wp\/v2\/pages\/83\/revisions\/850"}],"up":[{"embeddable":true,"href":"https:\/\/freischarenmanoever.ch\/wordpress\/index.php?rest_route=\/wp\/v2\/pages\/69"}],"wp:featuredmedia":[{"embeddable":true,"href":"https:\/\/freischarenmanoever.ch\/wordpress\/index.php?rest_route=\/wp\/v2\/media\/161"}],"wp:attachment":[{"href":"https:\/\/freischarenmanoever.ch\/wordpress\/index.php?rest_route=%2Fwp%2Fv2%2Fmedia&parent=83"}],"curies":[{"name":"wp","href":"https:\/\/api.w.org\/{rel}","templated":true}]}}