{"id":56,"date":"2021-03-11T21:39:43","date_gmt":"2021-03-11T20:39:43","guid":{"rendered":"http:\/\/freischarenmanoever.ch\/wordpress\/?page_id=56"},"modified":"2025-04-23T07:57:39","modified_gmt":"2025-04-23T05:57:39","slug":"kontakt-spenden","status":"publish","type":"page","link":"https:\/\/freischarenmanoever.ch\/wordpress\/?page_id=56","title":{"rendered":"Kontakt &#038; Spenden"},"content":{"rendered":"\n<h2 class=\"wp-block-heading\">Die ewig leere Freischarenkasse&#8230;<\/h2>\n\n\n\n<p>&#8222;Gold und Silber lieb ich sehr&#8220;, pflegt der Freischarengeneral jeweils w\u00e4hrend des Man\u00f6vergefechts vergn\u00fcgt vor sich hin zu summen, &#8222;k\u00f6nnt es auch gebrauchen&#8220;. O wie wahr! Denn der Schein tr\u00fcgt: Die zu Man\u00f6verbeginn f\u00fcr ein paar kurze Stunden&nbsp;prall gef\u00fcllte &#8222;Man\u00f6verkasse&#8220; ist sp\u00e4testens beim Schlussbild auf der Sch\u00fctzenmatte perdu &#8211; von den Kadetten gepl\u00fcndert. Deshalb bleibt dem S\u00e4ckelmeister nichts anderes \u00fcbrig, als sich Man\u00f6verjahr f\u00fcr Man\u00f6verjahr aufzurappeln und neue Spendenaktionen zu lancieren. Selbstverst\u00e4ndlich nehmen die Freischaren nicht nur, sie geben auch &#8211; zum Beispiel f\u00fcr jedes Man\u00f6ver eine neue Pin-Serie heraus. Die beiden Sujets zu kaufen und als freisch\u00e4rliches Bekenntnis an Kittel und Kleid&nbsp;zu tragen, ist Ehrensache. Genauso die Ber\u00fccksichtigung des alle zwei Jahre vor dem Man\u00f6ver verschickten &#8222;Bettelbriefes&#8220; mit Einzahlungsschein. Da die Freischarenkasse notorisch leer ist, sind selbstverst\u00e4ndlich auch sonst alle Spenden hochwillkommen:<\/p>\n\n\n\n<p>Hypothekarbank Lenzburg AG<br>CH-5600 Lenzburg<\/p>\n\n\n\n<p>CH97 0830 7000 0628 7430 6<\/p>\n\n\n\n<p>Freischaren-Corps<br>Lenzburg<br>CH-5600 Lenzburg<\/p>\n\n\n\n<p>Die Durchf\u00fchrung eines Freischarenman\u00f6vers kostet viel Geld. Mit den Einnahmen aus Kost\u00fcm- und Gewehrvermietung kann nur ein Teil der Unkosten gedeckt werden. Die Freischaren und Kadetten sind deshalb dankbar, auf die tatkr\u00e4ftige Unterst\u00fctzung von einigen hundert Spenderinnen und Spendern sowie diversen Sponsoren z\u00e4hlen zu k\u00f6nnen. Wer die Tradition des Lenzburger Freischarenman\u00f6vers gerne unterst\u00fctzen w\u00fcrde, findet bei der Freischaren-Commission offene Ohren, Herzen&#8230; &#8211; und beim S\u00e4ckelmeister nat\u00fcrlich eine offene Geldtruhe!<\/p>\n\n\n\n<p><strong>Freischaren-Commission der Stadt Lenzburg<\/strong><\/p>\n\n\n\n<p><\/p>\n\n\n\n<p><\/p>\n\n\n\n<p><a rel=\"noreferrer noopener\" href=\"mailto:info@freischarenmanoever.ch\" target=\"_blank\">info@freischarenmanoever.ch<\/a><\/p>\n\n\n\n<p><\/p>\n\n\n\n<figure class=\"wp-block-image size-large\"><img loading=\"lazy\" decoding=\"async\" width=\"1024\" height=\"683\" src=\"https:\/\/freischarenmanoever.ch\/wordpress\/wp-content\/uploads\/2021\/03\/19783_cch906h9-1-1024x683.jpg\" alt=\"\" class=\"wp-image-194\" srcset=\"https:\/\/freischarenmanoever.ch\/wordpress\/wp-content\/uploads\/2021\/03\/19783_cch906h9-1-1024x683.jpg 1024w, https:\/\/freischarenmanoever.ch\/wordpress\/wp-content\/uploads\/2021\/03\/19783_cch906h9-1-300x200.jpg 300w, https:\/\/freischarenmanoever.ch\/wordpress\/wp-content\/uploads\/2021\/03\/19783_cch906h9-1-768x512.jpg 768w, https:\/\/freischarenmanoever.ch\/wordpress\/wp-content\/uploads\/2021\/03\/19783_cch906h9-1-1536x1024.jpg 1536w, https:\/\/freischarenmanoever.ch\/wordpress\/wp-content\/uploads\/2021\/03\/19783_cch906h9-1-2048x1365.jpg 2048w, https:\/\/freischarenmanoever.ch\/wordpress\/wp-content\/uploads\/2021\/03\/19783_cch906h9-1-450x300.jpg 450w\" sizes=\"auto, (max-width: 1024px) 100vw, 1024px\" \/><\/figure>\n\n\n\n<p><\/p>\n\n\n\n<p><\/p>\n","protected":false},"excerpt":{"rendered":"<p>Die ewig leere Freischarenkasse&#8230; &#8222;Gold und Silber lieb ich sehr&#8220;, pflegt der Freischarengeneral jeweils w\u00e4hrend des Man\u00f6vergefechts vergn\u00fcgt vor sich hin zu summen, &#8222;k\u00f6nnt es &hellip;<\/p>\n","protected":false},"author":1,"featured_media":167,"parent":0,"menu_order":0,"comment_status":"closed","ping_status":"closed","template":"","meta":{"_monsterinsights_skip_tracking":false,"_monsterinsights_sitenote_active":false,"_monsterinsights_sitenote_note":"","_monsterinsights_sitenote_category":0,"footnotes":""},"class_list":["post-56","page","type-page","status-publish","has-post-thumbnail","hentry"],"_links":{"self":[{"href":"https:\/\/freischarenmanoever.ch\/wordpress\/index.php?rest_route=\/wp\/v2\/pages\/56","targetHints":{"allow":["GET"]}}],"collection":[{"href":"https:\/\/freischarenmanoever.ch\/wordpress\/index.php?rest_route=\/wp\/v2\/pages"}],"about":[{"href":"https:\/\/freischarenmanoever.ch\/wordpress\/index.php?rest_route=\/wp\/v2\/types\/page"}],"author":[{"embeddable":true,"href":"https:\/\/freischarenmanoever.ch\/wordpress\/index.php?rest_route=\/wp\/v2\/users\/1"}],"replies":[{"embeddable":true,"href":"https:\/\/freischarenmanoever.ch\/wordpress\/index.php?rest_route=%2Fwp%2Fv2%2Fcomments&post=56"}],"version-history":[{"count":7,"href":"https:\/\/freischarenmanoever.ch\/wordpress\/index.php?rest_route=\/wp\/v2\/pages\/56\/revisions"}],"predecessor-version":[{"id":865,"href":"https:\/\/freischarenmanoever.ch\/wordpress\/index.php?rest_route=\/wp\/v2\/pages\/56\/revisions\/865"}],"wp:featuredmedia":[{"embeddable":true,"href":"https:\/\/freischarenmanoever.ch\/wordpress\/index.php?rest_route=\/wp\/v2\/media\/167"}],"wp:attachment":[{"href":"https:\/\/freischarenmanoever.ch\/wordpress\/index.php?rest_route=%2Fwp%2Fv2%2Fmedia&parent=56"}],"curies":[{"name":"wp","href":"https:\/\/api.w.org\/{rel}","templated":true}]}}