{"id":54,"date":"2021-03-11T21:39:43","date_gmt":"2021-03-11T20:39:43","guid":{"rendered":"http:\/\/freischarenmanoever.ch\/wordpress\/?page_id=54"},"modified":"2021-03-19T20:23:23","modified_gmt":"2021-03-19T19:23:23","slug":"kadetten-2","status":"publish","type":"page","link":"https:\/\/freischarenmanoever.ch\/wordpress\/?page_id=54","title":{"rendered":"Kadetten"},"content":{"rendered":"\n<h2 class=\"has-text-align-center wp-block-heading\">Kadetten &#8211; Plausch am Mitmachen, Freude am Spektakel<\/h2>\n\n\n\n<div class=\"wp-block-image\"><figure class=\"aligncenter size-large\"><img loading=\"lazy\" decoding=\"async\" width=\"1024\" height=\"683\" src=\"https:\/\/freischarenmanoever.ch\/wordpress\/wp-content\/uploads\/2021\/03\/13491_6623ifb7-1024x683.jpg\" alt=\"\" class=\"wp-image-192\" srcset=\"https:\/\/freischarenmanoever.ch\/wordpress\/wp-content\/uploads\/2021\/03\/13491_6623ifb7-1024x683.jpg 1024w, https:\/\/freischarenmanoever.ch\/wordpress\/wp-content\/uploads\/2021\/03\/13491_6623ifb7-300x200.jpg 300w, https:\/\/freischarenmanoever.ch\/wordpress\/wp-content\/uploads\/2021\/03\/13491_6623ifb7-768x512.jpg 768w, https:\/\/freischarenmanoever.ch\/wordpress\/wp-content\/uploads\/2021\/03\/13491_6623ifb7-1536x1024.jpg 1536w, https:\/\/freischarenmanoever.ch\/wordpress\/wp-content\/uploads\/2021\/03\/13491_6623ifb7-2048x1365.jpg 2048w, https:\/\/freischarenmanoever.ch\/wordpress\/wp-content\/uploads\/2021\/03\/13491_6623ifb7-450x300.jpg 450w\" sizes=\"auto, (max-width: 1024px) 100vw, 1024px\" \/><\/figure><\/div>\n\n\n\n<p class=\"has-text-align-center\">Bei den Kadetten k\u00f6nnen alle Sch\u00fclerinnen und Sch\u00fcler der Regionalschule Lenzburg ab der f\u00fcnften Klasse mitmachen. Im Fr\u00fchling der Man\u00f6verjahre finden jeweils Informationsveranstaltungen f\u00fcr die an der Man\u00f6verteilnahme interessierten Jugendlichen statt. In den Wochen vor dem Jugendfest werden sie von erfahrenen Instruktorinnen und Instruktoren, die zum grossen Teil der Lehrerschaft der Regionalschule Lenzburg angeh\u00f6ren, auf den grossen Tag vorbereitet. Plausch an der Fortf\u00fchrung der jahrhundertealte Tradition und Freude am farbenpr\u00e4chtigen und ohrenbet\u00e4ubenden Spektakel stehen im Vordergrund: Mitmachen bei den Lenzburger Kadetten ist cool &#8211; vor allem wenn auf der &#8222;Gegenseite&#8220;, bei den Freischaren, V\u00e4ter, M\u00fctter, Onkel, \u00e4ltere Geschwister oder gar Lehrerinnen und Lehrer im Einsatz stehen. Und das Beste: Der (ewige) Sieg der Jugend \u00fcber das Alte beziehungsweise die Alten ist alle zwei Jahre garantiert!<\/p>\n\n\n\n<div class=\"wp-block-image\"><figure class=\"aligncenter size-large\"><img loading=\"lazy\" decoding=\"async\" width=\"1024\" height=\"683\" src=\"https:\/\/freischarenmanoever.ch\/wordpress\/wp-content\/uploads\/2021\/03\/1738_dijd36-large-1024x683.jpg\" alt=\"\" class=\"wp-image-105\" srcset=\"https:\/\/freischarenmanoever.ch\/wordpress\/wp-content\/uploads\/2021\/03\/1738_dijd36-large-1024x683.jpg 1024w, https:\/\/freischarenmanoever.ch\/wordpress\/wp-content\/uploads\/2021\/03\/1738_dijd36-large-300x200.jpg 300w, https:\/\/freischarenmanoever.ch\/wordpress\/wp-content\/uploads\/2021\/03\/1738_dijd36-large-768x512.jpg 768w, https:\/\/freischarenmanoever.ch\/wordpress\/wp-content\/uploads\/2021\/03\/1738_dijd36-large-1536x1024.jpg 1536w, https:\/\/freischarenmanoever.ch\/wordpress\/wp-content\/uploads\/2021\/03\/1738_dijd36-large-421x281.jpg 421w, https:\/\/freischarenmanoever.ch\/wordpress\/wp-content\/uploads\/2021\/03\/1738_dijd36-large.jpg 2048w\" sizes=\"auto, (max-width: 1024px) 100vw, 1024px\" \/><\/figure><\/div>\n\n\n\n<div class=\"wp-block-image\"><figure class=\"aligncenter size-large\"><img loading=\"lazy\" decoding=\"async\" width=\"1024\" height=\"683\" src=\"https:\/\/freischarenmanoever.ch\/wordpress\/wp-content\/uploads\/2021\/03\/19716_14j70g04-1024x683.jpg\" alt=\"\" class=\"wp-image-189\" srcset=\"https:\/\/freischarenmanoever.ch\/wordpress\/wp-content\/uploads\/2021\/03\/19716_14j70g04-1024x683.jpg 1024w, https:\/\/freischarenmanoever.ch\/wordpress\/wp-content\/uploads\/2021\/03\/19716_14j70g04-300x200.jpg 300w, https:\/\/freischarenmanoever.ch\/wordpress\/wp-content\/uploads\/2021\/03\/19716_14j70g04-768x512.jpg 768w, https:\/\/freischarenmanoever.ch\/wordpress\/wp-content\/uploads\/2021\/03\/19716_14j70g04-1536x1024.jpg 1536w, https:\/\/freischarenmanoever.ch\/wordpress\/wp-content\/uploads\/2021\/03\/19716_14j70g04-2048x1365.jpg 2048w, https:\/\/freischarenmanoever.ch\/wordpress\/wp-content\/uploads\/2021\/03\/19716_14j70g04-450x300.jpg 450w\" sizes=\"auto, (max-width: 1024px) 100vw, 1024px\" \/><\/figure><\/div>\n\n\n\n<div class=\"wp-block-image\"><figure class=\"aligncenter size-large\"><img loading=\"lazy\" decoding=\"async\" width=\"1024\" height=\"683\" src=\"https:\/\/freischarenmanoever.ch\/wordpress\/wp-content\/uploads\/2021\/03\/19746_ibc6c2ac-1024x683.jpg\" alt=\"\" class=\"wp-image-190\" srcset=\"https:\/\/freischarenmanoever.ch\/wordpress\/wp-content\/uploads\/2021\/03\/19746_ibc6c2ac-1024x683.jpg 1024w, https:\/\/freischarenmanoever.ch\/wordpress\/wp-content\/uploads\/2021\/03\/19746_ibc6c2ac-300x200.jpg 300w, https:\/\/freischarenmanoever.ch\/wordpress\/wp-content\/uploads\/2021\/03\/19746_ibc6c2ac-768x512.jpg 768w, https:\/\/freischarenmanoever.ch\/wordpress\/wp-content\/uploads\/2021\/03\/19746_ibc6c2ac-1536x1024.jpg 1536w, https:\/\/freischarenmanoever.ch\/wordpress\/wp-content\/uploads\/2021\/03\/19746_ibc6c2ac-2048x1365.jpg 2048w, https:\/\/freischarenmanoever.ch\/wordpress\/wp-content\/uploads\/2021\/03\/19746_ibc6c2ac-450x300.jpg 450w\" sizes=\"auto, (max-width: 1024px) 100vw, 1024px\" \/><\/figure><\/div>\n\n\n\n<div class=\"wp-block-image\"><figure class=\"aligncenter size-large\"><img loading=\"lazy\" decoding=\"async\" width=\"1024\" height=\"768\" src=\"https:\/\/freischarenmanoever.ch\/wordpress\/wp-content\/uploads\/2021\/03\/dscn4932-large-1024x768.jpg\" alt=\"\" class=\"wp-image-104\" srcset=\"https:\/\/freischarenmanoever.ch\/wordpress\/wp-content\/uploads\/2021\/03\/dscn4932-large-1024x768.jpg 1024w, https:\/\/freischarenmanoever.ch\/wordpress\/wp-content\/uploads\/2021\/03\/dscn4932-large-300x225.jpg 300w, https:\/\/freischarenmanoever.ch\/wordpress\/wp-content\/uploads\/2021\/03\/dscn4932-large-768x576.jpg 768w, https:\/\/freischarenmanoever.ch\/wordpress\/wp-content\/uploads\/2021\/03\/dscn4932-large-1536x1152.jpg 1536w, https:\/\/freischarenmanoever.ch\/wordpress\/wp-content\/uploads\/2021\/03\/dscn4932-large-400x300.jpg 400w, https:\/\/freischarenmanoever.ch\/wordpress\/wp-content\/uploads\/2021\/03\/dscn4932-large.jpg 2048w\" sizes=\"auto, (max-width: 1024px) 100vw, 1024px\" \/><\/figure><\/div>\n","protected":false},"excerpt":{"rendered":"<p>Kadetten &#8211; Plausch am Mitmachen, Freude am Spektakel Bei den Kadetten k\u00f6nnen alle Sch\u00fclerinnen und Sch\u00fcler der Regionalschule Lenzburg ab der f\u00fcnften Klasse mitmachen. Im &hellip;<\/p>\n","protected":false},"author":1,"featured_media":111,"parent":0,"menu_order":0,"comment_status":"closed","ping_status":"closed","template":"","meta":{"_monsterinsights_skip_tracking":false,"_monsterinsights_sitenote_active":false,"_monsterinsights_sitenote_note":"","_monsterinsights_sitenote_category":0,"footnotes":""},"class_list":["post-54","page","type-page","status-publish","has-post-thumbnail","hentry"],"_links":{"self":[{"href":"https:\/\/freischarenmanoever.ch\/wordpress\/index.php?rest_route=\/wp\/v2\/pages\/54","targetHints":{"allow":["GET"]}}],"collection":[{"href":"https:\/\/freischarenmanoever.ch\/wordpress\/index.php?rest_route=\/wp\/v2\/pages"}],"about":[{"href":"https:\/\/freischarenmanoever.ch\/wordpress\/index.php?rest_route=\/wp\/v2\/types\/page"}],"author":[{"embeddable":true,"href":"https:\/\/freischarenmanoever.ch\/wordpress\/index.php?rest_route=\/wp\/v2\/users\/1"}],"replies":[{"embeddable":true,"href":"https:\/\/freischarenmanoever.ch\/wordpress\/index.php?rest_route=%2Fwp%2Fv2%2Fcomments&post=54"}],"version-history":[{"count":4,"href":"https:\/\/freischarenmanoever.ch\/wordpress\/index.php?rest_route=\/wp\/v2\/pages\/54\/revisions"}],"predecessor-version":[{"id":449,"href":"https:\/\/freischarenmanoever.ch\/wordpress\/index.php?rest_route=\/wp\/v2\/pages\/54\/revisions\/449"}],"wp:featuredmedia":[{"embeddable":true,"href":"https:\/\/freischarenmanoever.ch\/wordpress\/index.php?rest_route=\/wp\/v2\/media\/111"}],"wp:attachment":[{"href":"https:\/\/freischarenmanoever.ch\/wordpress\/index.php?rest_route=%2Fwp%2Fv2%2Fmedia&parent=54"}],"curies":[{"name":"wp","href":"https:\/\/api.w.org\/{rel}","templated":true}]}}