{"id":142,"date":"2021-03-12T07:05:30","date_gmt":"2021-03-12T06:05:30","guid":{"rendered":"http:\/\/freischarenmanoever.ch\/wordpress\/?page_id=142"},"modified":"2024-07-01T18:01:42","modified_gmt":"2024-07-01T16:01:42","slug":"bilder","status":"publish","type":"page","link":"https:\/\/freischarenmanoever.ch\/wordpress\/?page_id=142","title":{"rendered":"Bilder"},"content":{"rendered":"\n<p><\/p>\n\n\n\n<figure class=\"wp-block-image size-large is-resized\"><img loading=\"lazy\" decoding=\"async\" width=\"1024\" height=\"868\" src=\"https:\/\/freischarenmanoever.ch\/wordpress\/wp-content\/uploads\/2021\/03\/2205_0a31iacj-large-1024x868.jpg\" alt=\"\" class=\"wp-image-185\" style=\"width:477px;height:auto\" srcset=\"https:\/\/freischarenmanoever.ch\/wordpress\/wp-content\/uploads\/2021\/03\/2205_0a31iacj-large-1024x868.jpg 1024w, https:\/\/freischarenmanoever.ch\/wordpress\/wp-content\/uploads\/2021\/03\/2205_0a31iacj-large-300x254.jpg 300w, https:\/\/freischarenmanoever.ch\/wordpress\/wp-content\/uploads\/2021\/03\/2205_0a31iacj-large-768x651.jpg 768w, https:\/\/freischarenmanoever.ch\/wordpress\/wp-content\/uploads\/2021\/03\/2205_0a31iacj-large-354x300.jpg 354w, https:\/\/freischarenmanoever.ch\/wordpress\/wp-content\/uploads\/2021\/03\/2205_0a31iacj-large.jpg 1200w\" sizes=\"auto, (max-width: 1024px) 100vw, 1024px\" \/><\/figure>\n\n\n\n<h2 class=\"wp-block-heading\">Freischaren Man\u00f6ver 2022<\/h2>\n\n\n\n<p><a href=\"https:\/\/www.jugendfest-fotos.ch\/fotosmanoever\/intro\/overview.asp?IDPhotoEventFilterSub=17\">Freischarenman\u00f6ver 2022 &#8211; Impressionen der Freischarenfotografen<\/a><\/p>\n\n\n\n<h2 class=\"wp-block-heading\">Mini-Freischaren Man\u00f6ver 2021 (Corona)<\/h2>\n\n\n\n<p><a href=\"https:\/\/www.jugendfest-fotos.ch\/fotosmanoever\/intro\/overview.asp?IDPhotoEventFilterSub=16\">Mini Freischarenman\u00f6ver 2021 &#8211; Impressionen der Freischarenfotografen<\/a><\/p>\n\n\n\n<h2 class=\"wp-block-heading\">Freischarenman\u00f6ver 2018<\/h2>\n\n\n\n<p><a href=\"http:\/\/www.jugendfest-fotos.ch\/fotosmanoever\/intro\/detailPhotos.asp?IDPhotoEventFilterSub=14&amp;strJahr=2018\">Freischarenman\u00f6ver 2018 &#8211; Impressionen der Freischarenfotografen<\/a><\/p>\n\n\n\n<p><a href=\"https:\/\/nicolamoura.com\/jugendfest-lenzburg-2018-manoever\/\">Freischarenman\u00f6ver 2018 &#8211; Weitere Bilder<\/a><\/p>\n\n\n\n<h2 class=\"wp-block-heading\">Freischarenman\u00f6ver 2016<\/h2>\n\n\n\n<p><a href=\"http:\/\/www.jugendfest-fotos.ch\/fotosmanoever\/intro\/detailPhotos.asp?IDPhotoEventFilterSub=6&amp;strJahr=2016\" target=\"_blank\" rel=\"noreferrer noopener\">Freischarenman\u00f6ver 2016 &#8211; Impressionen der Freischarenfotografen<\/a><\/p>\n\n\n\n<h3 class=\"wp-block-heading\">Freischarenman\u00f6ver 2014<\/h3>\n\n\n\n<p><a href=\"http:\/\/www.jugendfest-fotos.ch\/fotosmanoever\/intro\/detailPhotos.asp?IDPhotoEventFilterSub=4&amp;strJahr=2014\" rel=\"noreferrer noopener\" target=\"_blank\">Freischarenman\u00f6ver 2014 &#8211; Impressionen der Freischarenfotografen<\/a><\/p>\n\n\n\n<h3 class=\"wp-block-heading\">Freischarenman\u00f6ver 2012<\/h3>\n\n\n\n<p><a href=\"https:\/\/www.flickr.com\/photos\/129752131@N04\/sets\/72157649478482667\/\" target=\"_blank\" rel=\"noreferrer noopener\">Freischarenman\u00f6ver 2012 &#8211; Impressionen<\/a><\/p>\n\n\n\n<h3 class=\"wp-block-heading\">Freischaren 2012 &#8211; Meitlisonntagsumzug<\/h3>\n\n\n\n<p><a href=\"https:\/\/www.flickr.com\/photos\/129752131@N04\/sets\/72157649815105388\/\" target=\"_blank\" rel=\"noreferrer noopener\">Freischaren 2012 &#8211; Meitlisonntagsumzug Fahrwangen \/ Meisterschwanden (300-Jahr-Jubil\u00e4um)<\/a><\/p>\n\n\n\n<h3 class=\"wp-block-heading\">Freischaren 2011 &#8211; Modenschau<\/h3>\n\n\n\n<p><a href=\"https:\/\/www.flickr.com\/photos\/129752131@N04\/sets\/72157649808299757\/\" target=\"_blank\" rel=\"noreferrer noopener\">Freischaren 2011 &#8211; Modenschau<\/a><\/p>\n\n\n\n<h3 class=\"wp-block-heading\">Freischarenman\u00f6ver 2010<\/h3>\n\n\n\n<p><a href=\"https:\/\/www.flickr.com\/photos\/129752131@N04\/sets\/72157649913602825\/\" target=\"_blank\" rel=\"noreferrer noopener\">Freischarenman\u00f6ver 2010 &#8211; Impressionen<\/a><\/p>\n\n\n\n<h3 class=\"wp-block-heading\">Freischaren 2010 &#8211; Festumzug Eidgen\u00f6ssisches Sch\u00fctzenfest<\/h3>\n\n\n\n<p><a href=\"https:\/\/www.flickr.com\/photos\/129752131@N04\/sets\/72157649814715918\/\" target=\"_blank\" rel=\"noreferrer noopener\">Freischaren 2010 &#8211; Festumzug Eidgen\u00f6ssisches Sch\u00fctzenfest<\/a><\/p>\n\n\n\n<h3 class=\"wp-block-heading\">Freischaren 2007 &#8211; Einweihung Freischarenplatz<\/h3>\n\n\n\n<p><a href=\"https:\/\/www.flickr.com\/photos\/129752131@N04\/sets\/72157650211150192\/\" target=\"_blank\" rel=\"noreferrer noopener\">Freischaren 2007 &#8211; Einweihung Freischarenplatz<\/a><\/p>\n\n\n\n<h3 class=\"wp-block-heading\">Freischaren 2006 &#8211; Z\u00fcrcher Sechsel\u00e4uten<\/h3>\n\n\n\n<p><a href=\"https:\/\/www.flickr.com\/photos\/129752131@N04\/sets\/72157649814102918\/\" target=\"_blank\" rel=\"noreferrer noopener\">Freischaren 2006 &#8211; Freischaren-Auftritt am Z\u00fcrcher Sechsel\u00e4uten<\/a><\/p>\n\n\n\n<h3 class=\"wp-block-heading\">Freischaren 2005 &#8211; Einweihung Kadettenbrunnen<\/h3>\n\n\n\n<p><a href=\"https:\/\/www.flickr.com\/photos\/129752131@N04\/sets\/72157649806705109\/\" target=\"_blank\" rel=\"noreferrer noopener\">Freischaren 2005 &#8211; Einweihung Kadettenbrunnen<\/a><\/p>\n","protected":false},"excerpt":{"rendered":"<p>Freischaren Man\u00f6ver 2022 Freischarenman\u00f6ver 2022 &#8211; Impressionen der Freischarenfotografen Mini-Freischaren Man\u00f6ver 2021 (Corona) Mini Freischarenman\u00f6ver 2021 &#8211; Impressionen der Freischarenfotografen Freischarenman\u00f6ver 2018 Freischarenman\u00f6ver 2018 &#8211; &hellip;<\/p>\n","protected":false},"author":1,"featured_media":166,"parent":0,"menu_order":0,"comment_status":"closed","ping_status":"closed","template":"","meta":{"_monsterinsights_skip_tracking":false,"_monsterinsights_sitenote_active":false,"_monsterinsights_sitenote_note":"","_monsterinsights_sitenote_category":0,"footnotes":""},"class_list":["post-142","page","type-page","status-publish","has-post-thumbnail","hentry"],"_links":{"self":[{"href":"https:\/\/freischarenmanoever.ch\/wordpress\/index.php?rest_route=\/wp\/v2\/pages\/142","targetHints":{"allow":["GET"]}}],"collection":[{"href":"https:\/\/freischarenmanoever.ch\/wordpress\/index.php?rest_route=\/wp\/v2\/pages"}],"about":[{"href":"https:\/\/freischarenmanoever.ch\/wordpress\/index.php?rest_route=\/wp\/v2\/types\/page"}],"author":[{"embeddable":true,"href":"https:\/\/freischarenmanoever.ch\/wordpress\/index.php?rest_route=\/wp\/v2\/users\/1"}],"replies":[{"embeddable":true,"href":"https:\/\/freischarenmanoever.ch\/wordpress\/index.php?rest_route=%2Fwp%2Fv2%2Fcomments&post=142"}],"version-history":[{"count":7,"href":"https:\/\/freischarenmanoever.ch\/wordpress\/index.php?rest_route=\/wp\/v2\/pages\/142\/revisions"}],"predecessor-version":[{"id":846,"href":"https:\/\/freischarenmanoever.ch\/wordpress\/index.php?rest_route=\/wp\/v2\/pages\/142\/revisions\/846"}],"wp:featuredmedia":[{"embeddable":true,"href":"https:\/\/freischarenmanoever.ch\/wordpress\/index.php?rest_route=\/wp\/v2\/media\/166"}],"wp:attachment":[{"href":"https:\/\/freischarenmanoever.ch\/wordpress\/index.php?rest_route=%2Fwp%2Fv2%2Fmedia&parent=142"}],"curies":[{"name":"wp","href":"https:\/\/api.w.org\/{rel}","templated":true}]}}